e the prime factors of r?
17, 23
Let f(k) be the first derivative of k**4/4 - k**3/3 - k**2/2 - 4*k + 3. What are the prime factors of f(4)?
2, 5
Let c be (12/10)/(4/10). List the prime factors of ((-10)/(-4))/(c/6).
5
Let x(k) = -2*k**3 + 5*k + 2. List the prime factors of x(-3).
41
Suppose -4*g = -2*k - 40, 3*g - 48 = -k - 2*k. Let r(l) = -l**2 + 8*l - 5. Let n be r(6). List the prime factors of (-12)/(-42) + g/n.
2
Let w(t) be the second derivative of -2*t**3/3 + 2*t**2 + 4*t. Suppose 2*y - 2*d + 11 - 3 = 0, 3 = 3*d. List the prime factors of w(y).
2
Suppose b - 44 = -0*b. List the prime factors of b.
2, 11
Suppose m - 3*m = 5*h - 93, h - 29 = -3*m. What are the prime factors of h?
17
Suppose 5*z - 4*o - 458 - 369 = 0, -326 = -2*z + 4*o. What are the prime factors of z?
167
Let q(d) = 4*d + 2. Let p be q(-2). Let v be (6/p)/((-2)/10). Suppose -4*n - 9 = -v*u, 0 = -2*n - 0*u + 5*u - 17. What are the prime factors of n?
2
Let t(v) = 71*v**2 + 1. Let l be t(1). Suppose -6*o = -4*o - l. List the prime factors of (o/(-21))/(3/(-21)).
2, 3
Suppose -3*n + 0*n + 45 = 0. Suppose 0 = o + 2*o - n. Suppose 4*g = 4*c - 11 - 17, 0 = o*c - 2*g - 38. List the prime factors of c.
2
Let o(n) = -3*n**2 - 55*n - 4. What are the prime factors of o(-11)?
2, 7, 17
Let c = 12 - -1. What are the prime factors of c?
13
Let x be 3/((9/(-12))/(-1)). Suppose -4*l + 3*k + 43 = 0, -38 = -x*l + 4*k - 2*k. Let f = l + -5. What are the prime factors of f?
2
Let p(f) = f**2 - 12*f - 11. Let t(w) = -4*w - 3. Suppose -s - 3*z - 7 = -4*z, 7 = 2*s + 5*z. Let q be t(s). List the prime factors of p(q).
2
Let q = -108 - -231. List the prime factors of q.
3, 41
Let l = 164 - 22. What are the prime factors of l?
2, 71
Let k(u) = u**3 + 8*u**2 + 8*u + 10. Let r be k(-7). Suppose -58 = -3*t - 4*c, 2*c + 62 = r*t + 2*t. What are the prime factors of t?
2, 7
Suppose 4*y - 134 = -26. What are the prime factors of y?
3
Let c(n) = -83*n - 13. What are the prime factors of c(-3)?
2, 59
Suppose w + 5*z + 58 = 3*w, -3*w - 4*z = -41. What are the prime factors of w?
19
Let d(h) = h**3 + 3*h**2 - 2*h - 4. Let k be d(-3). Suppose 0 = k*o - 15 + 1. What are the prime factors of o?
7
Let w(s) = 4*s**2 - 4*s - 3. List the prime factors of w(4).
3, 5
Let c = -23 - -90. What are the prime factors of c?
67
Suppose -5*x + 5 = 0, 0 = -0*f + 3*f + 5*x - 98. List the prime factors of f.
31
Suppose 0*g = 4*g + 12. Let w be (6/(-10))/(g/45). Suppose w = -0*j + 3*j. List the prime factors of j.
3
Let j(a) = 2*a**3 - 9*a - 3. What are the prime factors of j(4)?
89
Let b = 15 - 2. Let i(n) = -n**2 + 16*n - 9. What are the prime factors of i(b)?
2, 3, 5
Let r = -3 + 6. Suppose -4*i + 0*w + 98 = -r*w, 0 = 3*i + 2*w - 65. List the prime factors of i.
23
Suppose -5*q + 30 = 4*c, 19 = 2*q - 0*q + 3*c. Suppose 0*t = 5*v - 5*t - 125, -45 = -q*v - 3*t. What are the prime factors of v?
2, 3
Let s = -54 - -81. List the prime factors of s.
3
Let v(q) = 2*q**2 + 11*q + 10. What are the prime factors of v(-8)?
2, 5
Let p = -218 + 148. Let r = -40 - p. What are the prime factors of r?
2, 3, 5
Let k(x) = x**3 - 9*x**2 + 13*x - 12. Let h be k(8). Let o = -47 - -67. Let j = h - o. What are the prime factors of j?
2
Suppose 0 = -4*v + 9*v + 5*d - 315, 0 = 4*v + d - 246. List the prime factors of v.
61
What are the prime factors of -12*(-76)/12 + (3 - -1)?
2, 5
Let u = -5 + 9. Suppose 9*c - 45 = u*c. List the prime factors of c.
3
Suppose -2*s = -4*l + 218, 0*s + 2*s - 167 = -3*l. List the prime factors of l.
5, 11
Suppose 5*s = -51 + 1. What are the prime factors of (-12)/(-5) - s/(-25)?
2
Suppose 165 = 4*m + 9. List the prime factors of m.
3, 13
Let u(o) = o + 6. Let v be u(0). Suppose 2*p + 5*x - 32 = 0, 2*p - 18 - v = -x. What are the prime factors of p?
11
Suppose j - 243 = -2*n, 8*j - 15 = 5*j. List the prime factors of n.
7, 17
What are the prime factors of (-2)/6 - (-1056)/36?
29
Suppose 2*k + 0*k = -3*w + 25, 2*w + 5*k = 2. Let l(i) = -w*i + i**2 + 3*i + 9 + 1. What are the prime factors of l(7)?
3
Let a = 0 - 2. Let z = 6 + a. List the prime factors of z.
2
Suppose v + 228 = 4*v. Suppose 4*x = -0*x + v. List the prime factors of x.
19
Suppose 26 + 14 = 5*l. Let g be (l/6)/(2/9). Suppose 0 - 2 = -3*q - 2*d, -4*q - 2*d = -g. What are the prime factors of q?
2
Suppose 0 = -g - g + 10. Suppose 4 = g*l - 6. What are the prime factors of l?
2
Let m be (-8)/6*(-9)/6. Suppose -5*p + 28 = u - 0*p, -m*u - 2*p + 24 = 0. What are the prime factors of u?
2
Suppose 0 = -4*b - 3*z + 351 + 259, b + z = 152. What are the prime factors of b?
2, 7, 11
Let u = -115 - -122. List the prime factors of u.
7
Suppose 2 + 2 = -s - 3*p, s = 4*p + 10. Let l be 8/(-6)*(-15)/s. Suppose 0 = -3*g + 5*g - l. List the prime factors of g.
5
Let c(z) = z**3 - 6*z**2 - 44*z + 13. List the prime factors of c(12).
349
Suppose 0 = 3*d + 34 + 14. Let u = 9 + d. Let n = 15 + u. What are the prime factors of n?
2
Let m be 2/((8/5)/4). Let h(q) = q**3 - 3*q**2 + q + 3. Let t be h(3). Suppose 3*n + 9 = m*x, x - t*x = -2*n - 11. List the prime factors of n.
2
Let c = 1 - 0. Suppose -3*g + 54 = 5*z - c, 3*g = z - 11. What are the prime factors of z?
11
Suppose 3*q - o - 80 = 0, 6*o = 2*q + o - 75. List the prime factors of q.
5
Let r be (-2)/(2*1/(-4)). Let i = r - -2. What are the prime factors of i?
2, 3
Suppose -5*k + 573 = -2*j + 4*j, -2*k = -3*j - 233. What are the prime factors of k?
5, 23
Let b be 1/5 + (-26)/5. Let d be 0 - 3 - 30/b. Suppose 2*h + l - 7 = 0, -d*h - 2*h - 5*l + 20 = 0. List the prime factors of h.
3
Let u(b) be the second derivative of b**4/24 + 4*b**3/3 + b**2/2 - b. Let x(d) be the first derivative of u(d). What are the prime factors of x(-6)?
2
Let o be (2/(-3))/(2/(-21)). Suppose 5*j = 23 + o. Let r(m) = m + 5. What are the prime factors of r(j)?
11
Let l = 8 - 1. Let x = -4 + l. What are the prime factors of 8/x*(0 + 3)?
2
Suppose -5*g - 2 = -0*g + 4*n, g + 3*n = -7. Suppose -1 - 3 = g*d. List the prime factors of (-18)/(-8) - d/(-8).
2
Suppose u - 320 = -2*u + s, -3*u - 3*s = -312. List the prime factors of u.
2, 53
Let j = 13 + 6. What are the prime factors of j?
19
Suppose -4*b - 452 = -8*b. What are the prime factors of b?
113
Let y be (-1)/4 - (-303)/12. Suppose 4*h + 4*g - g - 17 = 0, -4*h + y = -5*g. What are the prime factors of h?
5
Let d be 566/(-8) - (-8)/(-32). Let b = -40 - d. List the prime factors of b.
31
Let n(q) = -q**2 - 6*q - 4. Let h be n(-5). Let d be 9/5 - (-3)/15. What are the prime factors of h/d*(-3 + 15)?
2, 3
Let t = 20 + -29. List the prime factors of 0/(3/1) - t.
3
What are the prime factors of 1/(6/(-4))*-93?
2, 31
Let p(i) = i**2 + 10*i + 2. What are the prime factors of p(-13)?
41
Let h(w) = w**2 + 10*w + 9. Let m be h(-8). Let f = -9 - m. Let j = f + 19. List the prime factors of j.
17
Suppose -3*r + 10 = -14. Let o be (-1 - -2) + 2 + 0. What are the prime factors of (6 + o)/(6/r)?
2, 3
Let x be ((-2)/(-4))/(1/(-4)). Let a = 0 - x. Suppose 8 = -a*b - y + 17, 2*y = b - 2. What are the prime factors of b?
2
Suppose 5*k - 34 = -4. List the prime factors of 82/26 - k/39.
3
Suppose -3*o = -f - 10, -19 = -5*f + 2*o - 4. Suppose 4*z = -4*n + 20, n = -0*n + f*z + 11. List the prime factors of n.
2, 3
Suppose -4*x - 194 = -3*h, -2*h + 63 = -h - x. What are the prime factors of h?
2, 29
Let b(w) = -86*w**3 - 2*w**2 - 2*w - 1. List the prime factors of b(-1).
5, 17
Let j(x) = x**3 + 4*x**2 + 2*x + 3. Let c be j(-3). Suppose c*l = 5*l + 21. What are the prime factors of l?
3, 7
Let d(b) = 2*b**3 + 3*b**2 + 6*b - 6. What are the prime factors of d(3)?
3, 31
Let g = 73 - 18. Suppose -2*b - g = -7*b. What are the prime factors of b?
11
Let t(p) = 9*p - 21. Let n(j) = 2*j - 4. Let g(h) = 24*n(h) - 5*t(h). What are the prime factors of g(4)?
3, 7
Suppose -3*g = l - 325, -3*g + 0*l - 5*l = -329. What are the prime factors of (-1)/(-2*3/g)?
2, 3
Let d(s) = -s**3 - 4*s**2 - 3*s - 5. Let h be d(-4). Let g(v) = -v**3 - v**2 - v + 2. Let m be g(0). Let f = h - m. What are the prime factors of f?
5
List the prime factors of (-4)/(-4) + (-231)/(-3).
2, 3, 13
Suppose h = -2*h + 324. What are the prime factors of h?
2, 3
Suppose -3*o - u - 28 = 0, 9*o = 4*o - 5*u - 60. Let g = o + 11. What are the prime factors of g?
3
Suppose